{"id":95,"date":"2020-12-11T09:28:02","date_gmt":"2020-12-11T09:28:02","guid":{"rendered":"https:\/\/osonakas.edu.ba\/?page_id=95"},"modified":"2021-01-26T10:21:15","modified_gmt":"2021-01-26T10:21:15","slug":"vijece-roditelja","status":"publish","type":"page","link":"https:\/\/osonakas.edu.ba\/?page_id=95","title":{"rendered":"Vije\u0107e roditelja"},"content":{"rendered":"<p style=\"text-align: center;\"><strong>PROGRAM RADA VIJE\u0106A RODITELJA<\/strong><\/p>\n<p style=\"text-align: center;\"><strong>\u0160KOLSKA 2020\/2021. GODINA<\/strong><\/p>\n<p>Vije\u0107e roditelja \u0107e obavljati zadatke prema Poslovniku o radu Vije\u0107a roditelja.<\/p>\n<p>Upoznavanje Vije\u0107e roditelja sa pravilima \u0161kole, Pravilnikom o odgojno-disciplinskim mjerama, pravilnikom o ocjenjivanju.<\/p>\n<p>Vije\u0107e roditelja \u0107e biti upoznato sa svim projektima koji se realiziraju u \u0161koli.<\/p>\n<p>Vije\u0107e roditelja \u0107e se baviti sljede\u0107im pitanjima<br \/>\n&#8211; Prezentiranje stavova roditelja<\/p>\n<p>&#8211; Bezbijednost u\u010denika<\/p>\n<p>&#8211; Inicijative Vije\u0107a roditelja i aktivnosti u realizaciji dogovorenih koraka<\/p>\n<p>&#8211; Promovisanje interesa \u0161kole i u okviru svojih mogu\u0107nosti u\u010destvovati u pobolj\u0161avanju uslova rada \u0161kole<\/p>\n<p>&#8211; Analiza uspjeha u u\u010denju i vladanju<\/p>\n<p>&#8211; Saradnja Vije\u0107a roditelja sa institucijama<\/p>\n<p>&#8211; Aktivno u\u010destvovati i pomagati u rje\u0161avanju eventualnih problema u realizaciji Nastavnog plana i programa, discipline i ostalih aktuelnih zadataka u skladu sa Zakonom<\/p>\n<p>&#8211; Animirati i ostale roditelje putem roditeljskih sastanaka za pomo\u0107 \u0161koli u skladu sa njihovim mogu\u0107nostima<\/p>\n<p>Sastanci se planiraju prema dogovoru i potrebi.<\/p>\n","protected":false},"excerpt":{"rendered":"<p>PROGRAM RADA VIJE\u0106A RODITELJA \u0160KOLSKA 2020\/2021. GODINA Vije\u0107e roditelja \u0107e obavljati zadatke prema Poslovniku o radu Vije\u0107a roditelja. Upoznavanje Vije\u0107e roditelja sa pravilima \u0161kole,<\/p>\n","protected":false},"author":2,"featured_media":0,"parent":0,"menu_order":0,"comment_status":"closed","ping_status":"closed","template":"","meta":[],"yoast_head":"<!-- This site is optimized with the Yoast SEO plugin v17.3 - https:\/\/yoast.com\/wordpress\/plugins\/seo\/ -->\n<title>Vije\u0107e roditelja - Osnovna \u0161kola &quot;Osman Naka\u0161&quot;<\/title>\n<meta name=\"robots\" content=\"index, follow, max-snippet:-1, max-image-preview:large, max-video-preview:-1\" \/>\n<link rel=\"canonical\" href=\"https:\/\/osonakas.edu.ba\/?page_id=95\" \/>\n<meta property=\"og:locale\" content=\"bs_BA\" \/>\n<meta property=\"og:type\" content=\"article\" \/>\n<meta property=\"og:title\" content=\"Vije\u0107e roditelja - Osnovna \u0161kola &quot;Osman Naka\u0161&quot;\" \/>\n<meta property=\"og:description\" content=\"PROGRAM RADA VIJE\u0106A RODITELJA \u0160KOLSKA 2020\/2021. GODINA Vije\u0107e roditelja \u0107e obavljati zadatke prema Poslovniku o radu Vije\u0107a roditelja. Upoznavanje Vije\u0107e roditelja sa pravilima \u0161kole,\" \/>\n<meta property=\"og:url\" content=\"https:\/\/osonakas.edu.ba\/?page_id=95\" \/>\n<meta property=\"og:site_name\" content=\"Osnovna \u0161kola &quot;Osman Naka\u0161&quot;\" \/>\n<meta property=\"article:modified_time\" content=\"2021-01-26T10:21:15+00:00\" \/>\n<meta name=\"twitter:card\" content=\"summary_large_image\" \/>\n<meta name=\"twitter:label1\" content=\"Est. reading time\" \/>\n\t<meta name=\"twitter:data1\" content=\"1 minuta\" \/>\n<script type=\"application\/ld+json\" class=\"yoast-schema-graph\">{\"@context\":\"https:\/\/schema.org\",\"@graph\":[{\"@type\":\"WebSite\",\"@id\":\"https:\/\/osonakas.edu.ba\/#website\",\"url\":\"https:\/\/osonakas.edu.ba\/\",\"name\":\"Osnovna \\u0161kola &quot;Osman Naka\\u0161&quot;\",\"description\":\"Ne u\\u010dimo za \\u0161kolu, nego za \\u017eivot.\",\"potentialAction\":[{\"@type\":\"SearchAction\",\"target\":{\"@type\":\"EntryPoint\",\"urlTemplate\":\"https:\/\/osonakas.edu.ba\/?s={search_term_string}\"},\"query-input\":\"required name=search_term_string\"}],\"inLanguage\":\"bs-BA\"},{\"@type\":\"WebPage\",\"@id\":\"https:\/\/osonakas.edu.ba\/?page_id=95#webpage\",\"url\":\"https:\/\/osonakas.edu.ba\/?page_id=95\",\"name\":\"Vije\\u0107e roditelja - Osnovna \\u0161kola &quot;Osman Naka\\u0161&quot;\",\"isPartOf\":{\"@id\":\"https:\/\/osonakas.edu.ba\/#website\"},\"datePublished\":\"2020-12-11T09:28:02+00:00\",\"dateModified\":\"2021-01-26T10:21:15+00:00\",\"breadcrumb\":{\"@id\":\"https:\/\/osonakas.edu.ba\/?page_id=95#breadcrumb\"},\"inLanguage\":\"bs-BA\",\"potentialAction\":[{\"@type\":\"ReadAction\",\"target\":[\"https:\/\/osonakas.edu.ba\/?page_id=95\"]}]},{\"@type\":\"BreadcrumbList\",\"@id\":\"https:\/\/osonakas.edu.ba\/?page_id=95#breadcrumb\",\"itemListElement\":[{\"@type\":\"ListItem\",\"position\":1,\"name\":\"Dom\",\"item\":\"https:\/\/osonakas.edu.ba\/\"},{\"@type\":\"ListItem\",\"position\":2,\"name\":\"Vije\\u0107e roditelja\"}]}]}<\/script>\n<!-- \/ Yoast SEO plugin. -->","yoast_head_json":{"title":"Vije\u0107e roditelja - Osnovna \u0161kola &quot;Osman Naka\u0161&quot;","robots":{"index":"index","follow":"follow","max-snippet":"max-snippet:-1","max-image-preview":"max-image-preview:large","max-video-preview":"max-video-preview:-1"},"canonical":"https:\/\/osonakas.edu.ba\/?page_id=95","og_locale":"bs_BA","og_type":"article","og_title":"Vije\u0107e roditelja - Osnovna \u0161kola &quot;Osman Naka\u0161&quot;","og_description":"PROGRAM RADA VIJE\u0106A RODITELJA \u0160KOLSKA 2020\/2021. GODINA Vije\u0107e roditelja \u0107e obavljati zadatke prema Poslovniku o radu Vije\u0107a roditelja. Upoznavanje Vije\u0107e roditelja sa pravilima \u0161kole,","og_url":"https:\/\/osonakas.edu.ba\/?page_id=95","og_site_name":"Osnovna \u0161kola &quot;Osman Naka\u0161&quot;","article_modified_time":"2021-01-26T10:21:15+00:00","twitter_card":"summary_large_image","twitter_misc":{"Est. reading time":"1 minuta"},"schema":{"@context":"https:\/\/schema.org","@graph":[{"@type":"WebSite","@id":"https:\/\/osonakas.edu.ba\/#website","url":"https:\/\/osonakas.edu.ba\/","name":"Osnovna \u0161kola &quot;Osman Naka\u0161&quot;","description":"Ne u\u010dimo za \u0161kolu, nego za \u017eivot.","potentialAction":[{"@type":"SearchAction","target":{"@type":"EntryPoint","urlTemplate":"https:\/\/osonakas.edu.ba\/?s={search_term_string}"},"query-input":"required name=search_term_string"}],"inLanguage":"bs-BA"},{"@type":"WebPage","@id":"https:\/\/osonakas.edu.ba\/?page_id=95#webpage","url":"https:\/\/osonakas.edu.ba\/?page_id=95","name":"Vije\u0107e roditelja - Osnovna \u0161kola &quot;Osman Naka\u0161&quot;","isPartOf":{"@id":"https:\/\/osonakas.edu.ba\/#website"},"datePublished":"2020-12-11T09:28:02+00:00","dateModified":"2021-01-26T10:21:15+00:00","breadcrumb":{"@id":"https:\/\/osonakas.edu.ba\/?page_id=95#breadcrumb"},"inLanguage":"bs-BA","potentialAction":[{"@type":"ReadAction","target":["https:\/\/osonakas.edu.ba\/?page_id=95"]}]},{"@type":"BreadcrumbList","@id":"https:\/\/osonakas.edu.ba\/?page_id=95#breadcrumb","itemListElement":[{"@type":"ListItem","position":1,"name":"Dom","item":"https:\/\/osonakas.edu.ba\/"},{"@type":"ListItem","position":2,"name":"Vije\u0107e roditelja"}]}]}},"_links":{"self":[{"href":"https:\/\/osonakas.edu.ba\/index.php?rest_route=\/wp\/v2\/pages\/95"}],"collection":[{"href":"https:\/\/osonakas.edu.ba\/index.php?rest_route=\/wp\/v2\/pages"}],"about":[{"href":"https:\/\/osonakas.edu.ba\/index.php?rest_route=\/wp\/v2\/types\/page"}],"author":[{"embeddable":true,"href":"https:\/\/osonakas.edu.ba\/index.php?rest_route=\/wp\/v2\/users\/2"}],"replies":[{"embeddable":true,"href":"https:\/\/osonakas.edu.ba\/index.php?rest_route=%2Fwp%2Fv2%2Fcomments&post=95"}],"version-history":[{"count":3,"href":"https:\/\/osonakas.edu.ba\/index.php?rest_route=\/wp\/v2\/pages\/95\/revisions"}],"predecessor-version":[{"id":508,"href":"https:\/\/osonakas.edu.ba\/index.php?rest_route=\/wp\/v2\/pages\/95\/revisions\/508"}],"wp:attachment":[{"href":"https:\/\/osonakas.edu.ba\/index.php?rest_route=%2Fwp%2Fv2%2Fmedia&parent=95"}],"curies":[{"name":"wp","href":"https:\/\/api.w.org\/{rel}","templated":true}]}}