{"id":88,"date":"2020-12-11T09:22:01","date_gmt":"2020-12-11T09:22:01","guid":{"rendered":"https:\/\/osonakas.edu.ba\/?page_id=88"},"modified":"2023-12-06T18:24:29","modified_gmt":"2023-12-06T17:24:29","slug":"uprava-skole","status":"publish","type":"page","link":"https:\/\/osonakas.edu.ba\/?page_id=88","title":{"rendered":"Rukovodstvo \u0161kole"},"content":{"rendered":"<p><img loading=\"lazy\" class=\"alignnone wp-image-236\" src=\"https:\/\/osonakas.edu.ba\/wp-content\/uploads\/2020\/12\/direktor-223x300.jpg\" alt=\"\" width=\"221\" height=\"297\" srcset=\"https:\/\/osonakas.edu.ba\/wp-content\/uploads\/2020\/12\/direktor-223x300.jpg 223w, https:\/\/osonakas.edu.ba\/wp-content\/uploads\/2020\/12\/direktor.jpg 476w\" sizes=\"(max-width: 221px) 100vw, 221px\" \/>DIREKTOR-Mr.Edin \u0110edovi\u0107<br \/>\n<img loading=\"lazy\" class=\"alignnone size-medium wp-image-237\" src=\"https:\/\/osonakas.edu.ba\/wp-content\/uploads\/2020\/12\/sekretar-219x300.jpg\" alt=\"\" width=\"219\" height=\"300\" srcset=\"https:\/\/osonakas.edu.ba\/wp-content\/uploads\/2020\/12\/sekretar-219x300.jpg 219w, https:\/\/osonakas.edu.ba\/wp-content\/uploads\/2020\/12\/sekretar.jpg 467w\" sizes=\"(max-width: 219px) 100vw, 219px\" \/>SEKRETAR-Adnan \u010cav\u010di\u0107, diplomirani pravnik<br \/>\n<img loading=\"lazy\" class=\"alignnone size-medium wp-image-238\" src=\"https:\/\/osonakas.edu.ba\/wp-content\/uploads\/2020\/12\/pedagog-218x300.jpg\" alt=\"\" width=\"218\" height=\"300\" srcset=\"https:\/\/osonakas.edu.ba\/wp-content\/uploads\/2020\/12\/pedagog-218x300.jpg 218w, https:\/\/osonakas.edu.ba\/wp-content\/uploads\/2020\/12\/pedagog.jpg 465w\" sizes=\"(max-width: 218px) 100vw, 218px\" \/>PEDAGOG-Samra Guhdija, magistar pedagogije-strukovni smjer<br \/>\n<img loading=\"lazy\" class=\"alignnone wp-image-239 size-medium\" src=\"https:\/\/osonakas.edu.ba\/wp-content\/uploads\/2020\/12\/bibliotekar-218x300.jpg\" width=\"218\" height=\"300\" srcset=\"https:\/\/osonakas.edu.ba\/wp-content\/uploads\/2020\/12\/bibliotekar-218x300.jpg 218w, https:\/\/osonakas.edu.ba\/wp-content\/uploads\/2020\/12\/bibliotekar.jpg 464w\" sizes=\"(max-width: 218px) 100vw, 218px\" \/>BIBLIOTEKAR-Sanja Banjac, diplomirani bibliotekar<\/p>\n<p><img loading=\"lazy\" class=\" wp-image-1740 alignleft\" src=\"https:\/\/osonakas.edu.ba\/wp-content\/uploads\/2023\/02\/f011-244x300.jpg\" alt=\"\" width=\"218\" height=\"268\" srcset=\"https:\/\/osonakas.edu.ba\/wp-content\/uploads\/2023\/02\/f011-244x300.jpg 244w, https:\/\/osonakas.edu.ba\/wp-content\/uploads\/2023\/02\/f011-833x1024.jpg 833w, https:\/\/osonakas.edu.ba\/wp-content\/uploads\/2023\/02\/f011-768x944.jpg 768w, https:\/\/osonakas.edu.ba\/wp-content\/uploads\/2023\/02\/f011-1250x1536.jpg 1250w, https:\/\/osonakas.edu.ba\/wp-content\/uploads\/2023\/02\/f011-1666x2048.jpg 1666w, https:\/\/osonakas.edu.ba\/wp-content\/uploads\/2023\/02\/f011.jpg 1959w\" sizes=\"(max-width: 218px) 100vw, 218px\" \/><\/p>\n<p>&nbsp;<\/p>\n<p>&nbsp;<\/p>\n<p>&nbsp;<\/p>\n<p>SOCIJALNI RADNIK- Irnesa Fejzi\u0107, diplomirani socijalni radnik<\/p>\n<p>&nbsp;<\/p>\n<p>&nbsp;<\/p>\n<p>&nbsp;<\/p>\n<p><img loading=\"lazy\" class=\" wp-image-1741 alignleft\" src=\"https:\/\/osonakas.edu.ba\/wp-content\/uploads\/2023\/02\/f01-235x300.jpg\" alt=\"\" width=\"217\" height=\"277\" srcset=\"https:\/\/osonakas.edu.ba\/wp-content\/uploads\/2023\/02\/f01-235x300.jpg 235w, https:\/\/osonakas.edu.ba\/wp-content\/uploads\/2023\/02\/f01-803x1024.jpg 803w, https:\/\/osonakas.edu.ba\/wp-content\/uploads\/2023\/02\/f01-768x980.jpg 768w, https:\/\/osonakas.edu.ba\/wp-content\/uploads\/2023\/02\/f01-1204x1536.jpg 1204w, https:\/\/osonakas.edu.ba\/wp-content\/uploads\/2023\/02\/f01-1605x2048.jpg 1605w, https:\/\/osonakas.edu.ba\/wp-content\/uploads\/2023\/02\/f01-scaled.jpg 2007w\" sizes=\"(max-width: 217px) 100vw, 217px\" \/><\/p>\n<p>&nbsp;<\/p>\n<p>&nbsp;<\/p>\n<p>&nbsp;<\/p>\n<p>&nbsp;<\/p>\n<p>PSIHOLOG- Sanja Frenjo-Male\u0161evi\u0107, diplomirani psiholog<\/p>\n<p>&nbsp;<\/p>\n<p>&nbsp;<\/p>\n<p>&nbsp;<\/p>\n","protected":false},"excerpt":{"rendered":"<p>DIREKTOR-Mr.Edin \u0110edovi\u0107 SEKRETAR-Adnan \u010cav\u010di\u0107, diplomirani pravnik PEDAGOG-Samra Guhdija, magistar pedagogije-strukovni smjer BIBLIOTEKAR-Sanja Banjac, diplomirani bibliotekar &nbsp; &nbsp; &nbsp; SOCIJALNI RADNIK- Irnesa Fejzi\u0107, diplomirani socijalni<\/p>\n","protected":false},"author":2,"featured_media":0,"parent":0,"menu_order":0,"comment_status":"closed","ping_status":"closed","template":"","meta":[],"yoast_head":"<!-- This site is optimized with the Yoast SEO plugin v17.3 - https:\/\/yoast.com\/wordpress\/plugins\/seo\/ -->\n<title>Rukovodstvo \u0161kole - Osnovna \u0161kola &quot;Osman Naka\u0161&quot;<\/title>\n<meta name=\"robots\" content=\"index, follow, max-snippet:-1, max-image-preview:large, max-video-preview:-1\" \/>\n<link rel=\"canonical\" href=\"https:\/\/osonakas.edu.ba\/?page_id=88\" \/>\n<meta property=\"og:locale\" content=\"bs_BA\" \/>\n<meta property=\"og:type\" content=\"article\" \/>\n<meta property=\"og:title\" content=\"Rukovodstvo \u0161kole - Osnovna \u0161kola &quot;Osman Naka\u0161&quot;\" \/>\n<meta property=\"og:description\" content=\"DIREKTOR-Mr.Edin \u0110edovi\u0107 SEKRETAR-Adnan \u010cav\u010di\u0107, diplomirani pravnik PEDAGOG-Samra Guhdija, magistar pedagogije-strukovni smjer BIBLIOTEKAR-Sanja Banjac, diplomirani bibliotekar &nbsp; &nbsp; &nbsp; SOCIJALNI RADNIK- Irnesa Fejzi\u0107, diplomirani socijalni\" \/>\n<meta property=\"og:url\" content=\"https:\/\/osonakas.edu.ba\/?page_id=88\" \/>\n<meta property=\"og:site_name\" content=\"Osnovna \u0161kola &quot;Osman Naka\u0161&quot;\" \/>\n<meta property=\"article:modified_time\" content=\"2023-12-06T17:24:29+00:00\" \/>\n<meta property=\"og:image\" content=\"https:\/\/osonakas.edu.ba\/wp-content\/uploads\/2020\/12\/direktor-223x300.jpg\" \/>\n<meta name=\"twitter:card\" content=\"summary_large_image\" \/>\n<meta name=\"twitter:label1\" content=\"Est. reading time\" \/>\n\t<meta name=\"twitter:data1\" content=\"2 minute\" \/>\n<script type=\"application\/ld+json\" class=\"yoast-schema-graph\">{\"@context\":\"https:\/\/schema.org\",\"@graph\":[{\"@type\":\"WebSite\",\"@id\":\"https:\/\/osonakas.edu.ba\/#website\",\"url\":\"https:\/\/osonakas.edu.ba\/\",\"name\":\"Osnovna \\u0161kola &quot;Osman Naka\\u0161&quot;\",\"description\":\"Ne u\\u010dimo za \\u0161kolu, nego za \\u017eivot.\",\"potentialAction\":[{\"@type\":\"SearchAction\",\"target\":{\"@type\":\"EntryPoint\",\"urlTemplate\":\"https:\/\/osonakas.edu.ba\/?s={search_term_string}\"},\"query-input\":\"required name=search_term_string\"}],\"inLanguage\":\"bs-BA\"},{\"@type\":\"ImageObject\",\"@id\":\"https:\/\/osonakas.edu.ba\/?page_id=88#primaryimage\",\"inLanguage\":\"bs-BA\",\"url\":\"https:\/\/osonakas.edu.ba\/wp-content\/uploads\/2020\/12\/direktor.jpg\",\"contentUrl\":\"https:\/\/osonakas.edu.ba\/wp-content\/uploads\/2020\/12\/direktor.jpg\",\"width\":476,\"height\":640},{\"@type\":\"WebPage\",\"@id\":\"https:\/\/osonakas.edu.ba\/?page_id=88#webpage\",\"url\":\"https:\/\/osonakas.edu.ba\/?page_id=88\",\"name\":\"Rukovodstvo \\u0161kole - Osnovna \\u0161kola &quot;Osman Naka\\u0161&quot;\",\"isPartOf\":{\"@id\":\"https:\/\/osonakas.edu.ba\/#website\"},\"primaryImageOfPage\":{\"@id\":\"https:\/\/osonakas.edu.ba\/?page_id=88#primaryimage\"},\"datePublished\":\"2020-12-11T09:22:01+00:00\",\"dateModified\":\"2023-12-06T17:24:29+00:00\",\"breadcrumb\":{\"@id\":\"https:\/\/osonakas.edu.ba\/?page_id=88#breadcrumb\"},\"inLanguage\":\"bs-BA\",\"potentialAction\":[{\"@type\":\"ReadAction\",\"target\":[\"https:\/\/osonakas.edu.ba\/?page_id=88\"]}]},{\"@type\":\"BreadcrumbList\",\"@id\":\"https:\/\/osonakas.edu.ba\/?page_id=88#breadcrumb\",\"itemListElement\":[{\"@type\":\"ListItem\",\"position\":1,\"name\":\"Dom\",\"item\":\"https:\/\/osonakas.edu.ba\/\"},{\"@type\":\"ListItem\",\"position\":2,\"name\":\"Rukovodstvo \\u0161kole\"}]}]}<\/script>\n<!-- \/ Yoast SEO plugin. -->","yoast_head_json":{"title":"Rukovodstvo \u0161kole - Osnovna \u0161kola &quot;Osman Naka\u0161&quot;","robots":{"index":"index","follow":"follow","max-snippet":"max-snippet:-1","max-image-preview":"max-image-preview:large","max-video-preview":"max-video-preview:-1"},"canonical":"https:\/\/osonakas.edu.ba\/?page_id=88","og_locale":"bs_BA","og_type":"article","og_title":"Rukovodstvo \u0161kole - Osnovna \u0161kola &quot;Osman Naka\u0161&quot;","og_description":"DIREKTOR-Mr.Edin \u0110edovi\u0107 SEKRETAR-Adnan \u010cav\u010di\u0107, diplomirani pravnik PEDAGOG-Samra Guhdija, magistar pedagogije-strukovni smjer BIBLIOTEKAR-Sanja Banjac, diplomirani bibliotekar &nbsp; &nbsp; &nbsp; SOCIJALNI RADNIK- Irnesa Fejzi\u0107, diplomirani socijalni","og_url":"https:\/\/osonakas.edu.ba\/?page_id=88","og_site_name":"Osnovna \u0161kola &quot;Osman Naka\u0161&quot;","article_modified_time":"2023-12-06T17:24:29+00:00","og_image":[{"url":"https:\/\/osonakas.edu.ba\/wp-content\/uploads\/2020\/12\/direktor-223x300.jpg"}],"twitter_card":"summary_large_image","twitter_misc":{"Est. reading time":"2 minute"},"schema":{"@context":"https:\/\/schema.org","@graph":[{"@type":"WebSite","@id":"https:\/\/osonakas.edu.ba\/#website","url":"https:\/\/osonakas.edu.ba\/","name":"Osnovna \u0161kola &quot;Osman Naka\u0161&quot;","description":"Ne u\u010dimo za \u0161kolu, nego za \u017eivot.","potentialAction":[{"@type":"SearchAction","target":{"@type":"EntryPoint","urlTemplate":"https:\/\/osonakas.edu.ba\/?s={search_term_string}"},"query-input":"required name=search_term_string"}],"inLanguage":"bs-BA"},{"@type":"ImageObject","@id":"https:\/\/osonakas.edu.ba\/?page_id=88#primaryimage","inLanguage":"bs-BA","url":"https:\/\/osonakas.edu.ba\/wp-content\/uploads\/2020\/12\/direktor.jpg","contentUrl":"https:\/\/osonakas.edu.ba\/wp-content\/uploads\/2020\/12\/direktor.jpg","width":476,"height":640},{"@type":"WebPage","@id":"https:\/\/osonakas.edu.ba\/?page_id=88#webpage","url":"https:\/\/osonakas.edu.ba\/?page_id=88","name":"Rukovodstvo \u0161kole - Osnovna \u0161kola &quot;Osman Naka\u0161&quot;","isPartOf":{"@id":"https:\/\/osonakas.edu.ba\/#website"},"primaryImageOfPage":{"@id":"https:\/\/osonakas.edu.ba\/?page_id=88#primaryimage"},"datePublished":"2020-12-11T09:22:01+00:00","dateModified":"2023-12-06T17:24:29+00:00","breadcrumb":{"@id":"https:\/\/osonakas.edu.ba\/?page_id=88#breadcrumb"},"inLanguage":"bs-BA","potentialAction":[{"@type":"ReadAction","target":["https:\/\/osonakas.edu.ba\/?page_id=88"]}]},{"@type":"BreadcrumbList","@id":"https:\/\/osonakas.edu.ba\/?page_id=88#breadcrumb","itemListElement":[{"@type":"ListItem","position":1,"name":"Dom","item":"https:\/\/osonakas.edu.ba\/"},{"@type":"ListItem","position":2,"name":"Rukovodstvo \u0161kole"}]}]}},"_links":{"self":[{"href":"https:\/\/osonakas.edu.ba\/index.php?rest_route=\/wp\/v2\/pages\/88"}],"collection":[{"href":"https:\/\/osonakas.edu.ba\/index.php?rest_route=\/wp\/v2\/pages"}],"about":[{"href":"https:\/\/osonakas.edu.ba\/index.php?rest_route=\/wp\/v2\/types\/page"}],"author":[{"embeddable":true,"href":"https:\/\/osonakas.edu.ba\/index.php?rest_route=\/wp\/v2\/users\/2"}],"replies":[{"embeddable":true,"href":"https:\/\/osonakas.edu.ba\/index.php?rest_route=%2Fwp%2Fv2%2Fcomments&post=88"}],"version-history":[{"count":20,"href":"https:\/\/osonakas.edu.ba\/index.php?rest_route=\/wp\/v2\/pages\/88\/revisions"}],"predecessor-version":[{"id":2368,"href":"https:\/\/osonakas.edu.ba\/index.php?rest_route=\/wp\/v2\/pages\/88\/revisions\/2368"}],"wp:attachment":[{"href":"https:\/\/osonakas.edu.ba\/index.php?rest_route=%2Fwp%2Fv2%2Fmedia&parent=88"}],"curies":[{"name":"wp","href":"https:\/\/api.w.org\/{rel}","templated":true}]}}

Rukovodstvo škole

<p><img loading="lazy" class="alignnone wp-image-236" src="https://osonakas.edu.ba/wp-content/uploads/2020/12/direktor-223x300.jpg" alt="" width="221" height="297" srcset="https://osonakas.edu.ba/wp-content/uploads/2020/12/direktor-223x300.jpg 223w, https://osonakas.edu.ba/wp-content/uploads/2020/12/direktor.jpg 476w" sizes="(max-width: 221px) 100vw, 221px" />DIREKTOR-Mr.Edin Đedović<br />
<img loading="lazy" class="alignnone size-medium wp-image-237" src="https://osonakas.edu.ba/wp-content/uploads/2020/12/sekretar-219x300.jpg" alt="" width="219" height="300" srcset="https://osonakas.edu.ba/wp-content/uploads/2020/12/sekretar-219x300.jpg 219w, https://osonakas.edu.ba/wp-content/uploads/2020/12/sekretar.jpg 467w" sizes="(max-width: 219px) 100vw, 219px" />SEKRETAR-Adnan Čavčić, diplomirani pravnik<br />
<img loading="lazy" class="alignnone size-medium wp-image-238" src="https://osonakas.edu.ba/wp-content/uploads/2020/12/pedagog-218x300.jpg" alt="" width="218" height="300" srcset="https://osonakas.edu.ba/wp-content/uploads/2020/12/pedagog-218x300.jpg 218w, https://osonakas.edu.ba/wp-content/uploads/2020/12/pedagog.jpg 465w" sizes="(max-width: 218px) 100vw, 218px" />PEDAGOG-Samra Guhdija, magistar pedagogije-strukovni smjer<br />
<img loading="lazy" class="alignnone wp-image-239 size-medium" src="https://osonakas.edu.ba/wp-content/uploads/2020/12/bibliotekar-218x300.jpg" width="218" height="300" srcset="https://osonakas.edu.ba/wp-content/uploads/2020/12/bibliotekar-218x300.jpg 218w, https://osonakas.edu.ba/wp-content/uploads/2020/12/bibliotekar.jpg 464w" sizes="(max-width: 218px) 100vw, 218px" />BIBLIOTEKAR-Sanja Banjac, diplomirani bibliotekar</p>
<p><img loading="lazy" class=" wp-image-1740 alignleft" src="https://osonakas.edu.ba/wp-content/uploads/2023/02/f011-244x300.jpg" alt="" width="218" height="268" srcset="https://osonakas.edu.ba/wp-content/uploads/2023/02/f011-244x300.jpg 244w, https://osonakas.edu.ba/wp-content/uploads/2023/02/f011-833x1024.jpg 833w, https://osonakas.edu.ba/wp-content/uploads/2023/02/f011-768x944.jpg 768w, https://osonakas.edu.ba/wp-content/uploads/2023/02/f011-1250x1536.jpg 1250w, https://osonakas.edu.ba/wp-content/uploads/2023/02/f011-1666x2048.jpg 1666w, https://osonakas.edu.ba/wp-content/uploads/2023/02/f011.jpg 1959w" sizes="(max-width: 218px) 100vw, 218px" /></p>
<p>&nbsp;</p>
<p>&nbsp;</p>
<p>&nbsp;</p>
<p>SOCIJALNI RADNIK- Irnesa Fejzić, diplomirani socijalni radnik</p>
<p>&nbsp;</p>
<p>&nbsp;</p>
<p>&nbsp;</p>
<p><img loading="lazy" class=" wp-image-1741 alignleft" src="https://osonakas.edu.ba/wp-content/uploads/2023/02/f01-235x300.jpg" alt="" width="217" height="277" srcset="https://osonakas.edu.ba/wp-content/uploads/2023/02/f01-235x300.jpg 235w, https://osonakas.edu.ba/wp-content/uploads/2023/02/f01-803x1024.jpg 803w, https://osonakas.edu.ba/wp-content/uploads/2023/02/f01-768x980.jpg 768w, https://osonakas.edu.ba/wp-content/uploads/2023/02/f01-1204x1536.jpg 1204w, https://osonakas.edu.ba/wp-content/uploads/2023/02/f01-1605x2048.jpg 1605w, https://osonakas.edu.ba/wp-content/uploads/2023/02/f01-scaled.jpg 2007w" sizes="(max-width: 217px) 100vw, 217px" /></p>
<p>&nbsp;</p>
<p>&nbsp;</p>
<p>&nbsp;</p>
<p>&nbsp;</p>
<p>PSIHOLOG- Sanja Frenjo-Malešević, diplomirani psiholog</p>
<p>&nbsp;</p>
<p>&nbsp;</p>
<p>&nbsp;</p>

<p>DIREKTOR-Mr.Edin Đedović SEKRETAR-Adnan Čavčić, diplomirani pravnik PEDAGOG-Samra Guhdija, magistar pedagogije-strukovni smjer BIBLIOTEKAR-Sanja Banjac, diplomirani bibliotekar &nbsp; &nbsp; &nbsp; SOCIJALNI RADNIK- Irnesa Fejzić, diplomirani socijalni</p>

<!-- This site is optimized with the Yoast SEO plugin v17.3 - https://yoast.com/wordpress/plugins/seo/ -->
<title>Rukovodstvo škole - Osnovna škola &quot;Osman Nakaš&quot;</title>
<meta name="robots" content="index, follow, max-snippet:-1, max-image-preview:large, max-video-preview:-1" />
<link rel="canonical" href="https://osonakas.edu.ba/?page_id=88" />
<meta property="og:locale" content="bs_BA" />
<meta property="og:type" content="article" />
<meta property="og:title" content="Rukovodstvo škole - Osnovna škola &quot;Osman Nakaš&quot;" />
<meta property="og:description" content="DIREKTOR-Mr.Edin Đedović SEKRETAR-Adnan Čavčić, diplomirani pravnik PEDAGOG-Samra Guhdija, magistar pedagogije-strukovni smjer BIBLIOTEKAR-Sanja Banjac, diplomirani bibliotekar &nbsp; &nbsp; &nbsp; SOCIJALNI RADNIK- Irnesa Fejzić, diplomirani socijalni" />
<meta property="og:url" content="https://osonakas.edu.ba/?page_id=88" />
<meta property="og:site_name" content="Osnovna škola &quot;Osman Nakaš&quot;" />
<meta property="article:modified_time" content="2023-12-06T17:24:29+00:00" />
<meta property="og:image" content="https://osonakas.edu.ba/wp-content/uploads/2020/12/direktor-223x300.jpg" />
<meta name="twitter:card" content="summary_large_image" />
<meta name="twitter:label1" content="Est. reading time" />
	<meta name="twitter:data1" content="2 minute" />
<script type="application/ld+json" class="yoast-schema-graph">{"@context":"https://schema.org","@graph":[{"@type":"WebSite","@id":"https://osonakas.edu.ba/#website","url":"https://osonakas.edu.ba/","name":"Osnovna \u0161kola &quot;Osman Naka\u0161&quot;","description":"Ne u\u010dimo za \u0161kolu, nego za \u017eivot.","potentialAction":[{"@type":"SearchAction","target":{"@type":"EntryPoint","urlTemplate":"https://osonakas.edu.ba/?s={search_term_string}"},"query-input":"required name=search_term_string"}],"inLanguage":"bs-BA"},{"@type":"ImageObject","@id":"https://osonakas.edu.ba/?page_id=88#primaryimage","inLanguage":"bs-BA","url":"https://osonakas.edu.ba/wp-content/uploads/2020/12/direktor.jpg","contentUrl":"https://osonakas.edu.ba/wp-content/uploads/2020/12/direktor.jpg","width":476,"height":640},{"@type":"WebPage","@id":"https://osonakas.edu.ba/?page_id=88#webpage","url":"https://osonakas.edu.ba/?page_id=88","name":"Rukovodstvo \u0161kole - Osnovna \u0161kola &quot;Osman Naka\u0161&quot;","isPartOf":{"@id":"https://osonakas.edu.ba/#website"},"primaryImageOfPage":{"@id":"https://osonakas.edu.ba/?page_id=88#primaryimage"},"datePublished":"2020-12-11T09:22:01+00:00","dateModified":"2023-12-06T17:24:29+00:00","breadcrumb":{"@id":"https://osonakas.edu.ba/?page_id=88#breadcrumb"},"inLanguage":"bs-BA","potentialAction":[{"@type":"ReadAction","target":["https://osonakas.edu.ba/?page_id=88"]}]},{"@type":"BreadcrumbList","@id":"https://osonakas.edu.ba/?page_id=88#breadcrumb","itemListElement":[{"@type":"ListItem","position":1,"name":"Dom","item":"https://osonakas.edu.ba/"},{"@type":"ListItem","position":2,"name":"Rukovodstvo \u0161kole"}]}]}</script>
<!-- / Yoast SEO plugin. -->

Rukovodstvo škole - Osnovna škola &quot;Osman Nakaš&quot;

DIREKTOR-Mr.Edin Đedović SEKRETAR-Adnan Čavčić, diplomirani pravnik PEDAGOG-Samra Guhdija, magistar pedagogije-strukovni smjer BIBLIOTEKAR-Sanja Banjac, diplomirani bibliotekar &nbsp; &nbsp; &nbsp; SOCIJALNI RADNIK- Irnesa Fejzić, diplomirani socijalni

Osnovna škola &quot;Osman Nakaš&quot;

Ne učimo za školu, nego za život.
