{"id":50,"date":"2020-12-11T08:02:54","date_gmt":"2020-12-11T08:02:54","guid":{"rendered":"https:\/\/osonakas.edu.ba\/?page_id=50"},"modified":"2020-12-21T09:45:43","modified_gmt":"2020-12-21T09:45:43","slug":"misija-i-vizija","status":"publish","type":"page","link":"https:\/\/osonakas.edu.ba\/?page_id=50","title":{"rendered":"Misija i vizija"},"content":{"rendered":"<p style=\"text-align: center;\"><strong>VIZIJA \u0160KOLE<\/strong><br \/>\nDanas je Osnovna \u0161kola \u201eOsman Naka\u0161\u201c sigurna, umre\u017eena javna institucija na op\u0107e zadovoljstvo u\u010denika, roditelja i nastavnika; \u0161kola otvorena za svu djecu, koja odgaja i obrazuje savremenim metodama i pristupima; \u0161kola koja aktivno sudjeluje u reformi osnovnog obrazovanja po\u0161tivaju\u0107i Zakon, Nastavni plan i program i Konvenciju o dje\u010dijim pravima; \u0161kola koja je sigurno i ugodno mjesto za svakog u\u010denika i koja pru\u017ea mogu\u0107nost kretaivnog izra\u017eavanja i stvaranje temelja za cjelo\u017eivotno u\u010denje.<br \/>\nObrazovanje je proces koji omogu\u0107ava prevazila\u017eenje socijalne isklju\u010denosti. Stoga je veoma zna\u010dajno da u \u0161koli kreiramo inkluzivnu klimu kojom se prihvataju razli\u010ditosti i koja promovira multikulturalnost kao prednost bh. dru\u0161tva.<\/p>\n<p style=\"text-align: center;\"><strong>MISIJA \u0160KOLE<\/strong><br \/>\nStvaranje lijepe, sigurne i inovativne sredine za rad i u\u010denje. \u0160kola \u201eOsman Naka\u0161\u201c je ve\u0107 niz godina okrenuta u tom pravcu, te \u0107e tokom narednih godina zadr\u017eati taj kurs i raditi na ostvarivanju ciljeva:<br \/>\n\u2022 U\u010denje, pou\u010davanje i ostale aktivnosti obavljati kvalitetno i uspje\u0161no,<br \/>\n\u2022 Pona\u0161ati se odgovorno, u \u0161kolu i na nastavu dolaziti redovno i na vrijeme,<br \/>\n\u2022 U\u010diniti da atmosfera u \u0161koli bude radna i prijateljska. Me\u0111usobne nesuglasice rje\u0161avati dogovorom,<br \/>\n\u2022 Po\u0161tovati se i uva\u017eavati. Pomagati jedni drugima,<br \/>\n\u2022 Doprinijeti da \u0161kola bude mjesto sigurnog i ugodnog boravka. \u010cuvat \u0107emo je i ure\u0111ivati,<br \/>\n\u2022 Prema svim u\u010denicima odnosimo se pravedno i dosljedno, pru\u017eamo im jednake mogu\u0107nosti, po\u0161tujemo njihovo razmi\u0161ljanje, ideje, emocije, potrebe i stavove, te pozitivno utje\u010demo na razvoj njihovog samopouzdanja,<br \/>\n\u2022 Cijenimo trajno i primjenjivo znanje i cjelo\u017eivotno u\u010denje,<br \/>\n\u2022 Pou\u010davanje je usmjeravanje i upu\u0107ivanje ka kori\u0161tenju svojih sposobnosti, znanja i vje\u0161tina. \u010cinimo ga zabavnim i jednostavnim,<br \/>\n\u2022 Pri preno\u0161enju znanja \u017eelimo u\u010denicima pru\u017eiti priliku da vje\u017ebaju pozitivne \u017eivotne vrijednosti i \u017eivotne vje\u0161tine kroz razli\u010dite oblike timskog rada i saradnje. \u017delimo u\u010denje radi znanja, a ne u\u010denje za ocjenu,<br \/>\n\u2022 Poti\u010demo u\u010denike na razvoj radnih navika. Njegujemo stvarala\u0161tvo i kreativnost i pru\u017eamo svu dostupnu stru\u010dnu pomo\u0107 za \u0161to kvalitetniji razvoj svakog u\u010denika,<br \/>\n\u2022 Trudimo se osavremeniti nastavu i pru\u017eiti u\u010denicima u\u017eitak zanimljivog, kontinuiranog, istra\u017eiva\u010dkog u\u010denja,<br \/>\n\u2022 S roditeljima na\u0161ih u\u010denika ostvarujemo saradni\u010dki, otvoren, iskren, profesionalan odnos pun razumijevanja uz stalni razvoj i o\u010duvanje me\u0111usobne podr\u0161ke. Zaposlenici i roditelji u\u010denika imaju isti cilj \u2013 sretno i obrazovano dijete,<br \/>\n\u2022 Lokalna zajednica i nevladin sektor i dalje \u0107e biti partneri na\u0161e \u0161kole. Trudimo se biti uzorni u ostvarenju svojih ciljeva, a lokalna zajednica i svi na\u0161i prijatelji u tome nam poma\u017eu.<\/p>\n","protected":false},"excerpt":{"rendered":"<p>VIZIJA \u0160KOLE Danas je Osnovna \u0161kola \u201eOsman Naka\u0161\u201c sigurna, umre\u017eena javna institucija na op\u0107e zadovoljstvo u\u010denika, roditelja i nastavnika; \u0161kola otvorena za svu djecu,<\/p>\n","protected":false},"author":2,"featured_media":0,"parent":0,"menu_order":0,"comment_status":"closed","ping_status":"closed","template":"","meta":[],"yoast_head":"<!-- This site is optimized with the Yoast SEO plugin v17.3 - https:\/\/yoast.com\/wordpress\/plugins\/seo\/ -->\n<title>Misija i vizija - Osnovna \u0161kola &quot;Osman Naka\u0161&quot;<\/title>\n<meta name=\"robots\" content=\"index, follow, max-snippet:-1, max-image-preview:large, max-video-preview:-1\" \/>\n<link rel=\"canonical\" href=\"https:\/\/osonakas.edu.ba\/?page_id=50\" \/>\n<meta property=\"og:locale\" content=\"bs_BA\" \/>\n<meta property=\"og:type\" content=\"article\" \/>\n<meta property=\"og:title\" content=\"Misija i vizija - Osnovna \u0161kola &quot;Osman Naka\u0161&quot;\" \/>\n<meta property=\"og:description\" content=\"VIZIJA \u0160KOLE Danas je Osnovna \u0161kola \u201eOsman Naka\u0161\u201c sigurna, umre\u017eena javna institucija na op\u0107e zadovoljstvo u\u010denika, roditelja i nastavnika; \u0161kola otvorena za svu djecu,\" \/>\n<meta property=\"og:url\" content=\"https:\/\/osonakas.edu.ba\/?page_id=50\" \/>\n<meta property=\"og:site_name\" content=\"Osnovna \u0161kola &quot;Osman Naka\u0161&quot;\" \/>\n<meta property=\"article:modified_time\" content=\"2020-12-21T09:45:43+00:00\" \/>\n<meta name=\"twitter:card\" content=\"summary_large_image\" \/>\n<meta name=\"twitter:label1\" content=\"Est. reading time\" \/>\n\t<meta name=\"twitter:data1\" content=\"2 minute\" \/>\n<script type=\"application\/ld+json\" class=\"yoast-schema-graph\">{\"@context\":\"https:\/\/schema.org\",\"@graph\":[{\"@type\":\"WebSite\",\"@id\":\"https:\/\/osonakas.edu.ba\/#website\",\"url\":\"https:\/\/osonakas.edu.ba\/\",\"name\":\"Osnovna \\u0161kola &quot;Osman Naka\\u0161&quot;\",\"description\":\"Ne u\\u010dimo za \\u0161kolu, nego za \\u017eivot.\",\"potentialAction\":[{\"@type\":\"SearchAction\",\"target\":{\"@type\":\"EntryPoint\",\"urlTemplate\":\"https:\/\/osonakas.edu.ba\/?s={search_term_string}\"},\"query-input\":\"required name=search_term_string\"}],\"inLanguage\":\"bs-BA\"},{\"@type\":\"WebPage\",\"@id\":\"https:\/\/osonakas.edu.ba\/?page_id=50#webpage\",\"url\":\"https:\/\/osonakas.edu.ba\/?page_id=50\",\"name\":\"Misija i vizija - Osnovna \\u0161kola &quot;Osman Naka\\u0161&quot;\",\"isPartOf\":{\"@id\":\"https:\/\/osonakas.edu.ba\/#website\"},\"datePublished\":\"2020-12-11T08:02:54+00:00\",\"dateModified\":\"2020-12-21T09:45:43+00:00\",\"breadcrumb\":{\"@id\":\"https:\/\/osonakas.edu.ba\/?page_id=50#breadcrumb\"},\"inLanguage\":\"bs-BA\",\"potentialAction\":[{\"@type\":\"ReadAction\",\"target\":[\"https:\/\/osonakas.edu.ba\/?page_id=50\"]}]},{\"@type\":\"BreadcrumbList\",\"@id\":\"https:\/\/osonakas.edu.ba\/?page_id=50#breadcrumb\",\"itemListElement\":[{\"@type\":\"ListItem\",\"position\":1,\"name\":\"Dom\",\"item\":\"https:\/\/osonakas.edu.ba\/\"},{\"@type\":\"ListItem\",\"position\":2,\"name\":\"Misija i vizija\"}]}]}<\/script>\n<!-- \/ Yoast SEO plugin. -->","yoast_head_json":{"title":"Misija i vizija - Osnovna \u0161kola &quot;Osman Naka\u0161&quot;","robots":{"index":"index","follow":"follow","max-snippet":"max-snippet:-1","max-image-preview":"max-image-preview:large","max-video-preview":"max-video-preview:-1"},"canonical":"https:\/\/osonakas.edu.ba\/?page_id=50","og_locale":"bs_BA","og_type":"article","og_title":"Misija i vizija - Osnovna \u0161kola &quot;Osman Naka\u0161&quot;","og_description":"VIZIJA \u0160KOLE Danas je Osnovna \u0161kola \u201eOsman Naka\u0161\u201c sigurna, umre\u017eena javna institucija na op\u0107e zadovoljstvo u\u010denika, roditelja i nastavnika; \u0161kola otvorena za svu djecu,","og_url":"https:\/\/osonakas.edu.ba\/?page_id=50","og_site_name":"Osnovna \u0161kola &quot;Osman Naka\u0161&quot;","article_modified_time":"2020-12-21T09:45:43+00:00","twitter_card":"summary_large_image","twitter_misc":{"Est. reading time":"2 minute"},"schema":{"@context":"https:\/\/schema.org","@graph":[{"@type":"WebSite","@id":"https:\/\/osonakas.edu.ba\/#website","url":"https:\/\/osonakas.edu.ba\/","name":"Osnovna \u0161kola &quot;Osman Naka\u0161&quot;","description":"Ne u\u010dimo za \u0161kolu, nego za \u017eivot.","potentialAction":[{"@type":"SearchAction","target":{"@type":"EntryPoint","urlTemplate":"https:\/\/osonakas.edu.ba\/?s={search_term_string}"},"query-input":"required name=search_term_string"}],"inLanguage":"bs-BA"},{"@type":"WebPage","@id":"https:\/\/osonakas.edu.ba\/?page_id=50#webpage","url":"https:\/\/osonakas.edu.ba\/?page_id=50","name":"Misija i vizija - Osnovna \u0161kola &quot;Osman Naka\u0161&quot;","isPartOf":{"@id":"https:\/\/osonakas.edu.ba\/#website"},"datePublished":"2020-12-11T08:02:54+00:00","dateModified":"2020-12-21T09:45:43+00:00","breadcrumb":{"@id":"https:\/\/osonakas.edu.ba\/?page_id=50#breadcrumb"},"inLanguage":"bs-BA","potentialAction":[{"@type":"ReadAction","target":["https:\/\/osonakas.edu.ba\/?page_id=50"]}]},{"@type":"BreadcrumbList","@id":"https:\/\/osonakas.edu.ba\/?page_id=50#breadcrumb","itemListElement":[{"@type":"ListItem","position":1,"name":"Dom","item":"https:\/\/osonakas.edu.ba\/"},{"@type":"ListItem","position":2,"name":"Misija i vizija"}]}]}},"_links":{"self":[{"href":"https:\/\/osonakas.edu.ba\/index.php?rest_route=\/wp\/v2\/pages\/50"}],"collection":[{"href":"https:\/\/osonakas.edu.ba\/index.php?rest_route=\/wp\/v2\/pages"}],"about":[{"href":"https:\/\/osonakas.edu.ba\/index.php?rest_route=\/wp\/v2\/types\/page"}],"author":[{"embeddable":true,"href":"https:\/\/osonakas.edu.ba\/index.php?rest_route=\/wp\/v2\/users\/2"}],"replies":[{"embeddable":true,"href":"https:\/\/osonakas.edu.ba\/index.php?rest_route=%2Fwp%2Fv2%2Fcomments&post=50"}],"version-history":[{"count":3,"href":"https:\/\/osonakas.edu.ba\/index.php?rest_route=\/wp\/v2\/pages\/50\/revisions"}],"predecessor-version":[{"id":386,"href":"https:\/\/osonakas.edu.ba\/index.php?rest_route=\/wp\/v2\/pages\/50\/revisions\/386"}],"wp:attachment":[{"href":"https:\/\/osonakas.edu.ba\/index.php?rest_route=%2Fwp%2Fv2%2Fmedia&parent=50"}],"curies":[{"name":"wp","href":"https:\/\/api.w.org\/{rel}","templated":true}]}}